*g. Calculate the remainder when 101 is divided by f.
16
Let t be (85/34)/(1/4). Suppose -t*m = -9*m + 114. What is the remainder when (9/(-6))/(9/m) is divided by 7?
5
Suppose 5*p - 1 + 36 = 0. Let k(v) = v**2 - 6*v. Let x(h) = -4*h**2 + 19*h + 1. Let u(w) = p*k(w) - 2*x(w). Calculate the remainder when u(-5) is divided by 2.
1
Calculate the remainder when (-50)/175*(2 - 135) is divided by 34.
4
Suppose 5*w = -31 - 4. Let f be (-786)/(-33) - 2/(-11). Let y = f - w. What is the remainder when y is divided by 17?
14
Suppose 0 = x + 2*t - 52, -5*t = 206 - 201. What is the remainder when 328 is divided by x?
4
Let p = 73 + -69. Suppose 5*n - 163 = p*v, 5*v + 90 = 2*n + n. Calculate the remainder when n is divided by 8.
3
Let u(c) = 17 - 11*c + 7 + 3 + 3. What is the remainder when u(-9) is divided by 10?
9
Let n(d) = 5*d - 5. Calculate the remainder when 68 is divided by n(3).
8
Let z = 234 - 194. Calculate the remainder when 122 is divided by z.
2
Let j = 81 + -54. Calculate the remainder when (-81)/j - (-33*1 - 1) is divided by 11.
9
Calculate the remainder when (-1)/(-8)*0 + 100/2 is divided by 17.
16
Suppose 5*n = n + 108. Calculate the remainder when 91 is divided by n.
10
Suppose -64*x + 760 = -44*x. What is the remainder when 379 is divided by x?
37
Suppose -2*o + 199 + 15 = 0. What is the remainder when o is divided by 22?
19
Let h be 88 + 2*4/8*-3. Let u = 226 - h. What is the remainder when u is divided by 36?
33
Suppose -162*d + 8 = -154*d. What is the remainder when 2 is divided by d?
0
Let o be ((-276)/8)/(1/2). Let t = o - 1. Let g = 99 + t. What is the remainder when g is divided by 10?
9
Suppose 0 = -14*t + 69 + 379. Calculate the remainder when 105 is divided by t.
9
Let p(r) = -20*r - 39. Calculate the remainder when 404 is divided by p(-6).
80
Suppose 0 = 3*p - 128 + 29. Let x(q) = -q**3 - 14*q**2 - 13*q + 9. What is the remainder when p is divided by x(-13)?
6
Suppose 4*a - 5*w - 222 = 0, -230 = -36*a + 32*a + w. What is the remainder when a is divided by 16?
10
Suppose -3*h = -18 + 9. Suppose -23 = h*s - 2*v, -v - 5 = -0*v. What is the remainder when (s + 3)*1/(-2) is divided by 1?
0
Let o = 7 + -11. Let l(f) = f + 6. Calculate the remainder when l(5) is divided by (-15)/(-4) - (-3)/o.
2
Suppose -1 = -3*c + 5. Suppose -3*s - 2*b + 122 = 0, -3*s + c*s = b - 39. Let v = 38 - 15. Calculate the remainder when s is divided by v.
21
Let j(m) = -m**3 - 38*m**2 + 81*m + 135. Calculate the remainder when 274 is divided by j(-40).
84
Suppose -12 = -3*p - 3*p. Suppose -2*z = p*n - n - 25, -80 = -5*n + 5*z. What is the remainder when 37 is divided by (n/(-4))/((-1)/4)?
18
Suppose 1160 = 822*m - 812*m. Calculate the remainder when m is divided by 52.
12
Suppose -5*b + 102 + 22 = 4*h, -3*b - 4*h = -76. What is the remainder when 716 is divided by b?
20
Suppose 1031*o = 1018*o + 390. What is the remainder when 34 is divided by o?
4
Let b = 39 + -13. Suppose 30*p - 140 = b*p. Calculate the remainder when p is divided by 6.
5
Let x = -325 + 467. Calculate the remainder when x is divided by 73.
69
Suppose -2*a = -a - 9. Let v(o) = 5*o + 42. Calculate the remainder when v(-6) is divided by a.
3
Suppose -106*n - 168 = -108*n. What is the remainder when n is divided by 29?
26
Let t(l) = l**3 + 15*l**2 - 2*l - 22. Suppose -3*x = x - 5*a - 109, -102 = -3*x - 3*a. What is the remainder when x is divided by t(-15)?
7
Suppose -3*k = -2*k + 1, -p + 2*k + 9 = 0. Let q = p - 0. Let y = q + 7. What is the remainder when 25 is divided by y?
11
Suppose 4*y - 14 = -3*i, -4*y + 12 = 3*i + i. Suppose -5*h - y = -0. Let t(g) = -66*g + 1. What is the remainder when t(h) is divided by 17?
16
Suppose -4*w - w - 4*z + 62 = 0, 2*w = -3*z + 29. Let c(t) = 35*t**2 - t - 1. Calculate the remainder when c(-1) is divided by w.
5
Let j = 42 - -32. Let b = 66 + -110. Let s = b + j. Calculate the remainder when s is divided by 16.
14
Let b = 96 + -36. Let l(c) = -c**2 - 7*c + 11. Let p be l(-8). Suppose p*j - b = -j. Calculate the remainder when 43 is divided by j.
13
Suppose -5*f - 5*k + 2 = -3, 3*f - 2*k = 23. Suppose 5*q + b = 3*b + 64, f*q - 3*b = 61. Suppose -94 = -5*t + 111. What is the remainder when t is divided by q?
13
Suppose 8*i - 120 = 4*i. Let z = 26 + -24. Let c(p) = 76*p - 4. What is the remainder when c(z) is divided by i?
28
Let r = 17 - 18. Calculate the remainder when 59 is divided by -8*((r - -1)/(-1) + -2).
11
Suppose 2*q - 161 = -59. Suppose -546 = -9*i - q. Calculate the remainder when i is divided by 28.
27
Let i(a) = 8*a**2 - 1. Let n(x) = x**3 + x**2 + 120. Calculate the remainder when n(0) is divided by i(2).
27
Let h(l) = -21*l - 36. Let v be h(-9). Suppose -7*o + 141 = -v. What is the remainder when o is divided by 9?
6
Let f(t) = 5*t**2 + 2. Suppose 0 = 6*l - 844 - 272. Calculate the remainder when l is divided by f(3).
45
Let i(r) = r - 19. Calculate the remainder when 31 is divided by i(26).
3
Let n(a) = -2*a**2 - 45*a - 91. What is the remainder when 167 is divided by n(-20)?
5
Suppose -6*d + 9*d - 3*j = 75, d + 4*j - 50 = 0. Calculate the remainder when 415 is divided by d.
25
Suppose -5*y + 32 = 7, l - 4*y = 5. What is the remainder when 3/7 - (1 - (-1016)/(-14)) is divided by l?
22
Let o be (22/55)/((-1)/25). Let c = o - -4. Calculate the remainder when 18 is divided by (c*1 - 1)/(-1).
4
Suppose -101 + 110 = 3*r. Suppose -557 = -5*q - 3*a, -4*a = r*q - 5*a - 323. Calculate the remainder when q is divided by 8.
5
Let c(f) = 12*f + 74. What is the remainder when c(5) is divided by 8?
6
Suppose 52 = -6*n + 136. What is the remainder when 12/9 + 186/9 is divided by n?
8
What is the remainder when 269 is divided by 12/2 + (4 + 2 - 2)?
9
Let z = 630 - 609. Calculate the remainder when 459 is divided by z.
18
Let p = 237 - 201. Calculate the remainder when p is divided by 22.
14
Let x = 69 - 64. What is the remainder when 10 is divided by x?
0
Let r = -62 + 62. Suppose 52 = v - r*v. What is the remainder when 101 is divided by v?
49
Suppose r = -2, 22 = 4*t + 32*r - 27*r. What is the remainder when (87 - 2)/(-2 - -3) is divided by t?
5
Let j = 225 + -202. Calculate the remainder when j is divided by 2.
1
Let x(t) = 2*t + 62. Suppose 3*o + 8 = -2*j, -2*o + 20 = -6*o - 5*j. What is the remainder when x(o) is divided by 13?
10
Let p(x) = -x**2 + 10*x - 6. Let i be p(7). Suppose 110 = 2*u - 4*l, 170 = 3*u + 10*l - i*l. What is the remainder when u is divided by 17?
14
Let b = -1209 - -1676. What is the remainder when b is divided by 12?
11
Suppose 4*w - 211 = -5*j, 3*w + 82 = 2*j + 4*w. Let c = -15 - -9. Let v(f) = f**2 + 5*f + 8. Calculate the remainder when j is divided by v(c).
11
Let j(t) = 4*t - 4. Let l be j(4). Let k = l - -14. Calculate the remainder when 103 is divided by k.
25
Let t be (9/(-6))/(3/(-8)). Let z(w) = -2*w**2 - w + 94. Let n be z(0). Suppose -18 = t*o - n. Calculate the remainder when 93 is divided by o.
17
Let p(m) = -m**3 - 12*m**2 - 59*m - 13. Calculate the remainder when p(-6) is divided by 19.
11
Let c(k) = k + 10. Let m be c(-5). Suppose -m*f - 2*j + 163 + 47 = 0, 0 = 3*f - 4*j - 126. What is the remainder when f is divided by 65/3 - 3/(-9)?
20
Let m = 1116 - 759. Calculate the remainder when m is divided by 87.
9
Let n(b) = 4*b - 3. Let c(p) = -1. Let g = 4 - 0. Let r(f) = g*c(f) - n(f). What is the remainder when r(-1) is divided by 1?
0
Suppose -t + 15 = -0. Let i = 11 - t. What is the remainder when 80 is divided by (-106)/i - (-3)/6?
26
Let t be (-1 + (-3 - -2))*-1. Calculate the remainder when ((-3)/(-6))/((-2)/(-164)) is divided by (-214)/(-14) + t/(-7).
11
Let n = -50 - -86. Calculate the remainder when 67 is divided by n.
31
Let c = 7358 + -7349. Let b = 8 + 17. What is the remainder when b is divided by c?
7
Let c(x) = x**3 + 2*x**2 + 5*x + 42. What is the remainder when 83 is divided by c(0)?
41
Let w(z) = z**2 + 16*z + 4. Let q be w(-16). Suppose -100 = q*c - 0*c. Calculate the remainder when 49 is divided by -10*(c/10 - 0).
24
Let x be 77/(-2) - (18/(-4))/(-3). Let a = -25 - x. What is the remainder when 27 is divided by a?
12
Suppose 0 = 2*t, 5*w - 2*w - 12 = 2*t. Let v(b) = 2*b**2 - 2*b - 1. Let g be v(-2). Let d(x) = -x**2 + 12*x. What is the remainder when d(g) is divided by w?
3
Suppose -27 = -l 